{"id":3691,"date":"2011-01-01T14:07:47","date_gmt":"2011-01-01T12:07:47","guid":{"rendered":"http:\/\/poeticas.es\/?page_id=3691"},"modified":"2025-12-20T22:10:10","modified_gmt":"2025-12-20T20:10:10","slug":"actualizaciones","status":"publish","type":"page","link":"https:\/\/poeticas.es\/?page_id=3691","title":{"rendered":"Actualizaciones"},"content":{"rendered":"<p>Peri\u00f3dicamente, se actualizan los art\u00edculos, con la inserci\u00f3n de nuevos poemas. He aqu\u00ed las \u00faltimas incorporaciones, de m\u00e1s a menos recientes:<\/p>\n<ul>\n<li><a href=\"https:\/\/poeticas.es\/?p=1191\">Carlos Edmundo de Ory<\/a>: \u00abAerolitos\u00bb<\/li>\n<li><a href=\"https:\/\/poeticas.es\/?p=682\">Jos\u00e9 Asunci\u00f3n Silva<\/a>: \u00abUn poema\u00bb<\/li>\n<li><a href=\"https:\/\/poeticas.es\/?p=3706\">Claribel Alegr\u00eda<\/a>: \u00abPoema\u00bb y \u00abOficio innecesario\u00bb<\/li>\n<li><a href=\"https:\/\/poeticas.es\/?p=1490\">Juan Gustavo Cobo Borda<\/a>: \u00abApolo y Dafne\u00bb<\/li>\n<li><a href=\"https:\/\/poeticas.es\/?p=2458\">Jos\u00e9 Hierro<\/a>: \u00abEl libro\u00bb<\/li>\n<li><a href=\"https:\/\/poeticas.es\/?p=2392\">Manuel del Cabral<\/a>: \u00abPoes\u00eda\u00bb<\/li>\n<li><a href=\"https:\/\/poeticas.es\/?p=668\">Karmelo C. Iribarren<\/a>: \u00abEl arte y yo\u00bb y \u00abA jornada completa\u00bb<\/li>\n<li><a href=\"https:\/\/poeticas.es\/?p=1\">Francesco Petraca<\/a>: \u00abSus ojos que cant\u00e9 amorosamente&#8230;\u00bb<\/li>\n<li><a href=\"https:\/\/poeticas.es\/?p=4788\">M\u00aa Victoria Atencia<\/a>: \u00abPapel\u00bb<\/li>\n<li><a href=\"https:\/\/poeticas.es\/?p=1305\">Clara Jan\u00e9s<\/a>: \u00abEl poema\u00bb<\/li>\n<li><a href=\"https:\/\/poeticas.es\/?p=1800\">Dar\u00edo Jaramillo Agudelo<\/a>: \u00abPoemas de circunstancia para decir el amor&#8230;\u00bb<\/li>\n<li><a href=\"https:\/\/poeticas.es\/?p=115\">Jorge Luis Borges<\/a>: \u00abEl c\u00f3mplice\u00bb<\/li>\n<li><a href=\"https:\/\/poeticas.es\/?p=2421\">Benjam\u00edn Prado<\/a>: \u00abCuesti\u00f3n de principios\u00bb<\/li>\n<li><a href=\"https:\/\/poeticas.es\/?p=4038\">Chantal Maillard<\/a>: \u00abPodr\u00edamos jugar a hacer met\u00e1foras\u00bb<\/li>\n<li><a href=\"https:\/\/poeticas.es\/?p=5404\">Andr\u00e9s Neuman<\/a>: \u00abLa otra v\u00eda\u00bb<\/li>\n<li><a href=\"https:\/\/poeticas.es\/?p=1278\">Carlos Marzal<\/a>: \u00abProfesiones de fe\u00bb<\/li>\n<li><a href=\"https:\/\/poeticas.es\/?p=583\">Alfonsina Storni<\/a>: \u00abPudiera ser\u00bb<\/li>\n<li><a href=\"https:\/\/poeticas.es\/?p=1071\">Pureza Canelo<\/a>: \u00abEl barco de agua\u00bb<\/li>\n<li><a href=\"https:\/\/poeticas.es\/?p=3264\">Amalia Bautista<\/a>: \u00abFragmentos\u00bb<\/li>\n<li><a href=\"https:\/\/poeticas.es\/?p=150\">Juan Ram\u00f3n Jim\u00e9nez<\/a>: \u00abLa obra\u00bb<\/li>\n<\/ul>\n","protected":false},"excerpt":{"rendered":"<p>Peri\u00f3dicamente, se actualizan los art\u00edculos, con la inserci\u00f3n de nuevos poemas. He aqu\u00ed las \u00faltimas incorporaciones, de m\u00e1s a menos recientes: Carlos Edmundo de Ory: \u00abAerolitos\u00bb Jos\u00e9 Asunci\u00f3n Silva: \u00abUn poema\u00bb Claribel Alegr\u00eda: \u00abPoema\u00bb y \u00abOficio innecesario\u00bb Juan Gustavo Cobo Borda: \u00abApolo y Dafne\u00bb Jos\u00e9 Hierro: \u00abEl libro\u00bb Manuel del Cabral: \u00abPoes\u00eda\u00bb Karmelo C. Iribarren:&#8230; <\/p>\n<div class=\"read-more navbutton\"><a href=\"https:\/\/poeticas.es\/?page_id=3691\">Leer m\u00e1s<i class=\"fa fa-angle-double-right\"><\/i><\/a><\/div>\n","protected":false},"author":1,"featured_media":0,"parent":0,"menu_order":6,"comment_status":"closed","ping_status":"open","template":"","meta":{"_exactmetrics_skip_tracking":false,"_exactmetrics_sitenote_active":false,"_exactmetrics_sitenote_note":"","_exactmetrics_sitenote_category":0,"footnotes":""},"class_list":["post-3691","page","type-page","status-publish","hentry"],"_links":{"self":[{"href":"https:\/\/poeticas.es\/index.php?rest_route=\/wp\/v2\/pages\/3691","targetHints":{"allow":["GET"]}}],"collection":[{"href":"https:\/\/poeticas.es\/index.php?rest_route=\/wp\/v2\/pages"}],"about":[{"href":"https:\/\/poeticas.es\/index.php?rest_route=\/wp\/v2\/types\/page"}],"author":[{"embeddable":true,"href":"https:\/\/poeticas.es\/index.php?rest_route=\/wp\/v2\/users\/1"}],"replies":[{"embeddable":true,"href":"https:\/\/poeticas.es\/index.php?rest_route=%2Fwp%2Fv2%2Fcomments&post=3691"}],"version-history":[{"count":182,"href":"https:\/\/poeticas.es\/index.php?rest_route=\/wp\/v2\/pages\/3691\/revisions"}],"predecessor-version":[{"id":6178,"href":"https:\/\/poeticas.es\/index.php?rest_route=\/wp\/v2\/pages\/3691\/revisions\/6178"}],"wp:attachment":[{"href":"https:\/\/poeticas.es\/index.php?rest_route=%2Fwp%2Fv2%2Fmedia&parent=3691"}],"curies":[{"name":"wp","href":"https:\/\/api.w.org\/{rel}","templated":true}]}}